e z = d + 3*d. Calculate the greatest common factor of d and 56.
8
Suppose -3*o - o + 32 = 0. Let k = 2 - 2. Suppose 2*d - 7*d + 3*j = -120, k = 2*d + 4*j - 48. What is the greatest common factor of d and o?
8
Let p be ((-16)/6)/(1/(-3)). Let c be 2/8 + (-475)/(-20). Calculate the greatest common divisor of p and c.
8
Let k = 1 - 7. Let x be (5/3)/(k/(-54)). Calculate the highest common factor of x and 10.
5
Let o be (13 + -16)/((-1)/(-5)). Let m = o + 18. What is the greatest common divisor of m and 33?
3
Let b be 2 - (298/(-2) - 1). Suppose 0 = -12*g + 7*g + 95. What is the highest common factor of g and b?
19
Suppose -3*n - 10 = -8*n. Suppose -n*g - 2 = -14. What is the greatest common factor of g and 6?
6
Suppose 4*g + 2 = 22. Suppose 60 = -q + g*q. What is the highest common factor of 3 and q?
3
Let z be ((-25)/10)/(1/2). Let g be (z + -1)/(15/(-20)). What is the greatest common factor of g and 40?
8
Let k = 12 + 23. Calculate the greatest common divisor of k and 140.
35
Suppose b = -2*b + 6. Let m be 18/(-2) + (b - -1). Let o be 7/((-21)/m) + 0. What is the highest common divisor of o and 2?
2
Suppose 0 = -2*f + 3*f - 27. Calculate the highest common factor of f and 135.
27
Suppose 5*v = 5*z - 75, -z - z + 4*v + 32 = 0. What is the highest common divisor of z and 2?
2
Suppose -3*b - 100 = -5*b. Suppose 0 = -4*x + 20. Calculate the greatest common factor of x and b.
5
Let v(h) = h**2 + 4*h + 5. Let i be v(-5). Suppose -2*w = -6*w + 12. Let c = w - 1. Calculate the greatest common factor of i and c.
2
Let c = 28 + -16. Let g = -65 - -95. Calculate the greatest common factor of c and g.
6
Let j = -162 - -351. Calculate the greatest common factor of 21 and j.
21
Suppose -5*c + 15 = 3*d, -3*c + 5*d - 2 = -45. Let h be -9*(-8 + c/(-2)). What is the highest common factor of h and 9?
9
Let k(x) = 3*x**2 - 10*x - 5. Let y be k(5). Let s = -20 - -40. What is the highest common divisor of y and s?
20
Let s = -78 - -337. What is the greatest common divisor of 37 and s?
37
Let o = 125 + -77. Calculate the greatest common factor of 24 and o.
24
Let q(i) be the third derivative of i**4/8 - 2*i**3/3 + i**2. Let s be 4/2*10/4. Let n be q(s). Calculate the greatest common factor of 11 and n.
11
Suppose -5*i = -i. Suppose i = -3*l + 5*l - 8. Suppose -l = -5*g + 41. What is the greatest common divisor of 81 and g?
9
Suppose -3*v = -15 + 3. Let u be (-3)/(-2)*(4 - 0). Calculate the highest common divisor of u and v.
2
Let k = 121 - 231. Let w = k + 220. What is the greatest common divisor of 11 and w?
11
Let w be ((-12)/5)/(1/(-15)). Suppose w = 3*n - 2*n. What is the greatest common divisor of n and 9?
9
Let q be (-285)/(-25) - (-2)/(-5). What is the highest common factor of 143 and q?
11
Let u be 49/(-5*6/(-30)). Calculate the highest common divisor of 49 and u.
49
Let a(t) = 40*t**2 + 4 + 6*t - 79*t**2 + 41*t**2. Let q be 11/(-2) + 1/(-2). Let z be a(q). What is the greatest common factor of z and 5?
5
Let y = 11 - -9. What is the greatest common divisor of y and 50?
10
Suppose a = 3*a - 2, 24 = 2*o + 2*a. Let q = 36 - 25. Calculate the greatest common divisor of o and q.
11
Suppose -5*h = -r - 0*r - 11, 4*r - 3*h = -61. Let p be 56/r*36*-1. What is the greatest common factor of 14 and p?
14
Suppose 0 = h - 2*h. Suppose h = -g - 0 + 3. Suppose -40 = -g*l - l - w, -w + 13 = l. What is the highest common divisor of l and 3?
3
Let d be -4 + (137 - 9/3). Calculate the greatest common divisor of 52 and d.
26
Let m be (-4)/(-1 + 3) - -2. Suppose m = 2*u - x - 115, x + 64 = u + 9. What is the greatest common factor of u and 12?
12
Suppose 2*o - 2*k = 5*o + 2, 16 = -2*o - 5*k. What is the greatest common factor of 2 and o?
2
Let g(b) = -b**3 - 11*b**2 - 2*b + 2. Let c be g(-11). What is the greatest common divisor of c and 60?
12
Suppose -2*v = -4*z + 14, -5*v - 17 - 6 = 2*z. Let j(c) = -c - 6. Let q be j(-7). Calculate the highest common divisor of z and q.
1
Let s(x) = -3*x. Let q be s(-2). Let r = 8 - q. Calculate the highest common factor of r and 20.
2
Suppose t + t - 156 = 0. Suppose 111 = 5*b + 2*l, 3*b - 3*l - t = -8*l. What is the greatest common divisor of b and 189?
21
Let u(w) = 4*w**2 + 9*w + 4. Let c be u(-3). Calculate the greatest common divisor of c and 39.
13
Let r(k) = -k**2 - 15*k + 13. Let g be r(-10). What is the highest common factor of g and 7?
7
Suppose 2*q = -2*c + 10, 0 = 4*c - 0*c + q - 17. Suppose -5*z = 4*u - 20, c*u + 3*z = 39 - 11. Calculate the highest common divisor of 10 and u.
10
Let t be (32/5)/(16/80). What is the highest common divisor of 16 and t?
16
Let g(c) = c**3 + 15*c**2 - c - 12. Let l be g(-15). Suppose 0 = -l*m + 31 + 74. Calculate the highest common factor of m and 7.
7
Let f = 233 + -63. What is the greatest common factor of f and 10?
10
Let l = -70 - -85. What is the highest common divisor of l and 105?
15
Suppose 104*b - 108*b = -16. Calculate the highest common divisor of 7 and b.
1
Let a(i) = i**2 + 7*i + 8. Let b be a(-6). Suppose -44 - 12 = -b*n. Let j = n - 14. Calculate the greatest common factor of 84 and j.
14
Suppose 0 = 5*k - 4*k - 4. What is the greatest common factor of 10 and k?
2
Suppose 616 = 3*p - 389. Suppose p + 345 = 5*i. What is the highest common divisor of 17 and i?
17
Let z(r) = r**3 - 6*r**2 - 32*r + 10. Let v be z(10). Calculate the highest common divisor of v and 10.
10
Let v(t) = t**3 + 2*t**2 - 7*t + 4. Let p be v(4). Calculate the greatest common factor of p and 9.
9
Let i(a) = -a**3 + 11*a**2 + a + 19. Let u be i(11). What is the greatest common divisor of 6 and u?
6
Suppose -3*p - 128 = -7*p. Let i = 54 - p. Let m = 17 + -6. What is the greatest common divisor of i and m?
11
Let x be (6/9)/(1/36). What is the highest common divisor of 3 and x?
3
Let q = 20 - 15. What is the greatest common factor of 20 and q?
5
Let w be (-14)/(-4) + 63/(-42). Suppose -n = -4*s + 4*n + 32, 8 = s + 3*n. What is the highest common divisor of s and w?
2
Let k(j) = 8*j - 20. Let m be k(8). Calculate the highest common divisor of 4 and m.
4
Let t(l) = -l**3 - 8*l**2 + 7*l - 2. Let d(v) = v - 9. Let i be d(0). Let u be t(i). Calculate the greatest common factor of 128 and u.
16
Suppose -2 = -3*b + 4. Let q = 17 - b. Let i(k) = -k**2 + 12*k - 6. Let h be i(11). What is the highest common divisor of h and q?
5
Let h = 9 + -7. Suppose 2*n - 2 = h*u, 4*n = 5*u + 5 - 4. Suppose -n*k - 36 = -6*k. Calculate the highest common divisor of k and 162.
18
Suppose -5*y = -2*y - 30. Suppose 60 = 5*q - 0*l + 5*l, -3*q - 4*l = -38. What is the greatest common factor of y and q?
10
Suppose -4*f = -57 - 15. Let r(q) = 10*q**2 + 2. Let a be r(-4). What is the greatest common divisor of f and a?
18
Suppose 3*u - 10 - 8 = -s, -2*s = -u + 6. Let z(a) = -2*a - 32. Let t be z(-18). Calculate the highest common factor of u and t.
2
Suppose 2 + 33 = 5*s. Suppose -2*r + s + 29 = 0. Let q(j) = j**2 + 3*j + 2. Let p be q(-3). What is the greatest common divisor of p and r?
2
Suppose 2*x = 4*x + 5*h + 11, -2*x = -2*h - 10. Let b be (0 + 0)/(x + -1). Let f be 3/(-6)*b + 14. What is the greatest common divisor of 98 and f?
14
Let u be ((-18)/(-15))/((-4)/(-90)). What is the highest common factor of 216 and u?
27
Let o(n) = -5*n - 1. Let j be o(-10). Calculate the highest common factor of 7 and j.
7
Let n = 6 + -4. Suppose -2*d = -5*f + 593, -n*f + 3*d + 0*d = -235. Calculate the highest common factor of 17 and f.
17
Let o be (-2)/(-4) - 3/6. Let u = o + 16. Calculate the greatest common factor of u and 80.
16
Suppose 0 = -w + i + 5, -6*w = -w - 3*i - 33. Suppose 30 = 3*c + 2*c. What is the greatest common factor of c and w?
3
Suppose 6*d - 49 = -7. What is the greatest common divisor of d and 14?
7
Let q(z) = -z**3 + 3*z**2 - z + 1. Let r be q(3). Let h(d) = -58*d - 4. Let i be h(r). What is the highest common factor of 16 and i?
16
Suppose -p + 2*p = 3*c + 18, -5*c = p + 22. Suppose -p*f = -5*f + 10. Calculate the greatest common divisor of 1 and f.
1
Let i = 24 + -14. Let t = -1 - 4. Let m = 9 + t. Calculate the highest common divisor of i and m.
2
Let n = 14 - 5. Let v(s) = -s**2 - 14*s - 9. Let h be v(-13). Suppose 0*m = -m - h*z + 53, m - 3*z = 39. Calculate the highest common divisor of n and m.
9
Let u(q) = -q - 1. Let o be 